on divisor of 61206253 and 127.
127
Calculate the greatest common divisor of 8304 and 9040032.
48
Calculate the highest common factor of 312 and 4819230.
78
Calculate the greatest common divisor of 575 and 43253225.
575
What is the greatest common divisor of 11 and 31866802?
11
What is the greatest common divisor of 2345 and 1458695?
35
What is the highest common factor of 4563584 and 1600?
64
Calculate the greatest common divisor of 10926654 and 3102.
282
Calculate the greatest common factor of 2976 and 339791.
31
Calculate the highest common divisor of 1456 and 88150192.
208
Calculate the highest common divisor of 870 and 174344085.
435
Calculate the greatest common divisor of 4326 and 129042726.
618
What is the highest common factor of 12907250 and 85?
85
Calculate the highest common factor of 28155650 and 1250.
50
Calculate the greatest common divisor of 103 and 21086984.
103
Calculate the highest common factor of 316 and 437181971.
79
What is the greatest common factor of 392 and 416974516?
196
What is the highest common divisor of 298 and 265346650?
298
What is the greatest common divisor of 29 and 317731?
1
What is the greatest common factor of 3120 and 113664564?
156
Calculate the greatest common factor of 30281 and 164352.
107
Calculate the highest common divisor of 1701 and 84709233.
567
What is the greatest common divisor of 102 and 36803946?
102
What is the greatest common factor of 313876 and 164012?
524
Calculate the highest common factor of 242 and 42947135.
121
Calculate the highest common divisor of 3000648 and 5565.
1113
Calculate the greatest common factor of 14131105 and 3357.
373
Calculate the greatest common divisor of 3744 and 1102582.
26
Calculate the greatest common divisor of 4035473 and 172939.
689
Calculate the highest common factor of 14874 and 22577124.
402
Calculate the highest common divisor of 155987 and 5041.
71
Calculate the highest common factor of 6750 and 31010.
10
What is the greatest common factor of 46 and 25029398?
2
Calculate the highest common divisor of 2725 and 4016725.
25
What is the greatest common divisor of 2815625 and 45?
5
What is the highest common factor of 720 and 2344545360?
720
Calculate the highest common divisor of 1260220 and 94720.
740
What is the highest common factor of 180 and 11855865?
15
What is the greatest common factor of 11713 and 35467653?
689
Calculate the highest common divisor of 9086 and 496296790.
1298
What is the highest common factor of 4524 and 100269?
39
Calculate the greatest common divisor of 78987 and 172212.
339
What is the greatest common factor of 42 and 327848430?
42
Calculate the highest common divisor of 585 and 304487703.
117
Calculate the highest common factor of 3892 and 2307400.
556
Calculate the highest common factor of 9913098 and 114.
114
Calculate the highest common divisor of 102 and 114587.
1
Calculate the highest common factor of 76 and 655804.
76
What is the greatest common factor of 4930804 and 23788?
76
Calculate the greatest common factor of 93915514 and 957.
319
What is the greatest common divisor of 18 and 3647502?
18
What is the highest common divisor of 895489 and 133?
133
Calculate the greatest common factor of 5 and 3621030.
5
Calculate the greatest common factor of 3876 and 4037652.
228
What is the highest common factor of 12128699 and 3152?
197
What is the greatest common factor of 5819 and 17071888?
529
Calculate the highest common factor of 575 and 28522775.
25
Calculate the highest common factor of 12540353 and 32445.
721
Calculate the highest common divisor of 2975 and 7126595.
35
What is the highest common divisor of 16694057 and 761?
761
What is the highest common divisor of 2679579 and 693?
63
Calculate the greatest common factor of 368685 and 1440.
45
Calculate the greatest common divisor of 5047220 and 45260.
1460
What is the greatest common divisor of 2344539679 and 577?
577
What is the highest common divisor of 5334 and 94451805?
2667
Calculate the greatest common divisor of 4865 and 7060505.
695
What is the greatest common factor of 748911 and 44121?
573
What is the highest common divisor of 1376869332 and 552?
276
Calculate the highest common factor of 29 and 756677947.
29
Calculate the highest common factor of 4814 and 1195564121.
2407
What is the greatest common divisor of 768357 and 2495169?
531
What is the greatest common divisor of 314437 and 16376?
89
What is the greatest common factor of 834 and 15837104?
278
Calculate the highest common divisor of 29890039 and 115275.
1537
What is the highest common factor of 72 and 5022495?
9
What is the highest common factor of 220 and 350306770?
110
What is the highest common factor of 900 and 7804125?
225
What is the greatest common factor of 523686 and 5124?
6
Calculate the greatest common factor of 10296 and 702552708.
5148
What is the greatest common divisor of 542924 and 14?
2
What is the highest common factor of 1396 and 354371808?
1396
What is the greatest common divisor of 460 and 418715460?
460
What is the highest common divisor of 6150 and 800219550?
6150
Calculate the greatest common factor of 83766 and 1282434.
138
Calculate the greatest common factor of 904189 and 75933.
143
Calculate the highest common divisor of 22380 and 1052928.
12
What is the greatest common factor of 1862580 and 52725?
555
Calculate the highest common divisor of 40080 and 48890085.
2505
Calculate the greatest common divisor of 41906 and 3097400.
1822
What is the greatest common factor of 358530928 and 7?
7
What is the highest common divisor of 404612210 and 20?
10
What is the highest common factor of 3904119 and 10131?
921
Calculate the greatest common factor of 4779 and 373293.
531
What is the highest common divisor of 2708 and 476243774?
1354
Calculate the highest common factor of 1738 and 830922.
158
Calculate the greatest common divisor of 7251706 and 42.
14
What is the highest common factor of 106711 and 57552?
1199
Calculate the highest common factor of 9720 and 459999.
243
What is the highest common divisor of 10784 and 2574343?
337
Calculate the highest common divisor of 540 and 702980.
20
What is the highest common factor of 22874673 and 184?
23
Calculate the highest common divisor of 1740 and 1422885.
435
Calculate the greatest common divisor of 644 and 14250915.
161
Calculate the highest common factor of 24426 and 46478607.
4071
Calculate the highest common divisor of 20 and 1655014.
2
Calculate the greatest common divisor of 10955564 and 2364.
788
Calculate the highest common divisor of 177966 and 1218.
6
What is the greatest common factor of 143 and 32578585?
13
What is the highest common factor of 2391697 and 125312?
979
Calculate the highest common divisor of 5 and 46280045.
5
Calculate the greatest common divisor of 178883 and 31283.
41
Calculate the highest common divisor of 697 and 1048849.
17
Calculate the highest common divisor of 19250667 and 4617.
171
What is the greatest common factor of 7470 and 572949?
747
What is the highest common factor of 6207996 and 258?
258
Calculate the highest common factor of 19270 and 2029131.
1927
What is the highest common divisor of 27968 and 22304?
32
What is the highest common factor of 2112 and 29630656?
704
What is the highest common factor of 24128704 and 224?
32
What is the greatest common divisor of 170870698 and 2542?
2542
Calculate the highest common divisor of 70146 and 9504.
54
Calculate the greatest common factor of 27594 and 110187.
189
What is the greatest common factor of 342090958 and 44?
22
What is the highest common factor of 1563 and 32238959?
521
What is the greatest common divisor of 14 and 98680918?
14
Calculate the highest common factor of 1606 and 228998.
22
What is the greatest common divisor of 321018 and 432?
6
Calculate the highest common divisor of 279887 and 31835519.
6509
What is the highest common factor of 16234454 and 14778?
1642
What is the greatest common factor of 2583 and 13096629?
63
What is the greatest common factor of 41545044 and 36?
36
Calculate the greatest common divisor of 40404041 and 710.
71
Calculate the highest common divisor of 242875410 and 60.
30
What is the highest common divisor of 91 and 52355989?
7
Calculate the greatest common divisor of 885118 and 14573.
767
Calculate the g